377*c. What is g(6)?
1
Let b(z) be the first derivative of -z**2/2 - 4*z - 1. Suppose 11*d - 90 = 6*d. Suppose -3*r = -0*r - d. Give b(r).
-10
Let s = 2101 + -2105. Let l(k) = 3*k + 10. Determine l(s).
-2
Let o(p) = -6*p + 9. Let y be (-1 + (-4)/(-12))*(0 - 3). Let f be o(y). Let j(c) = -c - 3. What is j(f)?
0
Let a(t) = -t - 4. Let g = 60 + -88. Let d = g - -33. Suppose 0 = d*q - 20. Determine a(q).
-8
Let q(f) = f + 5. Suppose y = -3*s - 20, -2*s - 35 - 5 = 2*y. Let x = y + 25. What is q(x)?
10
Let w = 8204 + -8202. Let r(l) = 7*l - 2. Let f(o) = 21*o - 6. Let j(u) = 6*f(u) - 17*r(u). Calculate j(w).
12
Let p(b) = 2*b**2 + 13*b + 6. Let v(w) = -w**2 - 7*w - 4. Let h(c) = -6*p(c) - 13*v(c). Give h(-11).
-6
Suppose -16 = -5*r + r. Suppose 22 = 5*p - 4*l, -3*p + 2*l = r*l. Let v(k) = -4*k - 97*k + 104*k. Give v(p).
6
Let z(k) be the second derivative of -k**3/6 + 15*k**2/2 + k - 106. Determine z(13).
2
Suppose 0 = 3*u + 4*w + 15, 7*u + w = 4*u - 6. Let y be u/3 - (-14)/6. Let m(s) = -3*s**y + 6*s - 19*s - 2 + 9*s. Determine m(-2).
-6
Let w(o) = -9*o**2 - o - 1. Let a(x) be the first derivative of -10*x**3/3 - x**2 - x - 19. Let k(h) = -2*a(h) + 3*w(h). Determine k(1).
-7
Let z(d) = -d - 1. Suppose 2*q = 44 - 30. Determine z(q).
-8
Let c(n) = n - 21. Suppose -31*h = -24*h - 77. Calculate c(h).
-10
Let r(b) be the third derivative of -2*b**4/3 + b**3/6 + 2*b**2 - 413. What is r(3)?
-47
Let m be ((-77)/(-14))/((-2)/4). Let h be 6/(-33) + (-35)/m. Let x(l) = -246 - 2*l**3 + 245 + 3*l**h - 2*l + l**2. Determine x(-2).
-1
Let g(r) = -r + 4. Let x be (-1085)/(-385) + 2/11. What is g(x)?
1
Let y(h) = h**3 + 3*h**2 + h. Let l be 292/20 - (-9)/(-15). Let j be (-14)/l - (-4 + -1). Let b be 8/(-4) - 0/j. Calculate y(b).
2
Suppose -4*d + 5 = d, 3*s - 2*d - 7 = 0. Let h(t) = -2*t**3 - 4*t**2 - 4 + 4*t - 5*t + s*t**3. Let u = -1330 + 1334. Calculate h(u).
-8
Let v(b) = -b**3 + 8*b**2 - 8*b - 5. Let l be v(8). Let d = l - -74. Let r(i) = i - 1. Give r(d).
4
Let j be (-3)/15 + (-76)/(-5). Suppose 2*b - 4*v + 4 + 4 = 0, -3*v = -j. Let q(n) = -n**3 + 6*n**2 + n. What is q(b)?
6
Let t be (-3)/((-3)/2) + 0. Suppose t*p = 4*p - 10. Suppose 5 = -5*x - p. Let h(j) = -j**3 - j**2 - 2*j. Give h(x).
8
Let x(p) = -2 + 1521*p**2 - 11*p - 754*p**2 + p**3 - 758*p**2. Determine x(-10).
8
Let m = 161 - 166. Let k(a) = a**3 + 5*a**2 + a - 2. What is k(m)?
-7
Let q(v) = 2*v**2 - 6*v + 23. Let n(k) = -k**2 + 3*k - 12. Let a(m) = 5*n(m) + 2*q(m). Let i(x) be the first derivative of a(x). Determine i(5).
-7
Let n(d) = -d**3 - d. Let r(y) = 3*y**3 + 2*y**2 + 5*y - 3. Let q(a) = 4*n(a) + r(a). Suppose -11*h + 13*h = 6. Calculate q(h).
-9
Let v(f) = -2 + 337*f - 168*f - 172*f. Give v(1).
-5
Let h be (-16)/(-24)*(5 - 2). Let u(q) = -3 + 6*q - 45*q**2 + 26*q**2 + 18*q**h. Give u(4).
5
Let m(r) be the third derivative of r**4/3 + 2*r**3/3 - 2*r**2 + 2*r. Calculate m(4).
36
Suppose -16*i - 60 = -21*i. Suppose 3*j = 2 - 8, 0 = -2*a + 5*j + i. Let v(w) = 4 - a + 6*w - 4*w. Calculate v(-4).
-5
Suppose l - 4*g - 33 = -9*g, 3*g = l + 7. Let v(w) = 3*w + l - w - w + 0. Give v(-4).
4
Let h be -10 + (14/(-7) - -7). Let a(j) = -j**3 - 6*j**2 - 5*j - 6. What is a(h)?
-6
Let j(l) = -5*l + 6. Suppose -41*r - 4*r + 315 = 0. Give j(r).
-29
Let l(r) = 10*r**3. Let v(s) be the second derivative of s**5/20 - 7*s**4/12 + s**3/6 - 5*s**2/2 - 8*s. Let h be v(7). Suppose 2 = h*q + 4. Calculate l(q).
-10
Let s = -7 + 11. Suppose -3*x + s*k + 4 = -24, -5*x + 4 = 4*k. Let p be -18*x/36*-3. Let w(f) = f**3 - 6*f**2 - 2. Determine w(p).
-2
Suppose 4*p = 19 - 7. Let x(q) = -p*q**2 + 2*q**2 + 6 + 7*q + 4*q - 5*q. Calculate x(5).
11
Let d(a) be the first derivative of -1/2*a**2 + 2*a + 14. What is d(-8)?
10
Let m(g) be the first derivative of -g**6/120 - g**5/12 - g**4/6 - 11*g**2 - 14. Let r(x) be the second derivative of m(x). Give r(-4).
0
Suppose 10*v = -235 + 135. Let k(i) = i**3 + 12*i**2 + 24*i + 44. Determine k(v).
4
Let g(u) = u**2 - u - 1. Let r(b) = 5*b**2 - 10. Suppose -2*q + 2 = 3*s + 3, -3*q = -2*s - 5. Let f(i) = s*r(i) + 6*g(i). Give f(5).
-1
Let w be (-6 - -7)*(-1 + 3 + -14). Let m(s) = s**3 + 13*s**2 + 13*s + 18. Calculate m(w).
6
Let r(i) = i**3 - 4*i - 3. Let w(a) = -a**3 - a**2 + 4*a - 1. Let g be w(-3). Suppose -3*c = -g*c. Suppose -5*t + c = 10. What is r(t)?
-3
Let k(f) = -f. Let t(x) = -12*x - 2. Let q(s) = -10*k(s) + t(s). Let n be 27/(-6) + 1 - (-13)/(-26). What is q(n)?
6
Let a(l) = 0*l + 13056 - 2*l - 13060 + l. What is a(-8)?
4
Let d(c) = -98*c - 2*c**2 + c**2 + 1 + 92*c. Calculate d(-4).
9
Let x(d) = -19*d + 8. Let r(o) = 3*o + 2. Let t(f) = -5*r(f) - x(f). Let g(j) = 2*j - 9. Let l = -14 - -7. Let c(w) = l*g(w) + 4*t(w). Calculate c(6).
3
Let u(o) = 6*o**3 + o. Let s be (12/(-24))/((9/3)/(-6)). Give u(s).
7
Let c(g) = g**2 - g - 1. Let r = 15 - 17. Let z be (-3 - r)/1 + 15. Let n be (-24)/z - (-10)/(-35). What is c(n)?
5
Let h = -17 - -19. Suppose -2*f + 10 = h*i, -9 = -i + f - 6*f. Suppose 0 = -i*p - l - 15, -5*l + 5 = 0. Let c(y) = y**2 + 6*y + 6. What is c(p)?
-2
Let i(q) = 4*q**2 - 7*q + 2. Let a(t) = -t**2 + 2*t. Let d(w) = 9*a(w) + 2*i(w). Give d(5).
-1
Let c = 167 - 165. Let m(h) = 3*h**2 + h - 1. What is m(c)?
13
Let w = 0 + 4. Suppose 60 = w*g + 6*g. Let x(b) = -b**2 + 6*b - 3. Calculate x(g).
-3
Let w(m) = -m**3 + 12*m**2 - 2*m + 17. Let z(x) = -2*x**3 + 28*x**2 + 2*x - 16. Let o be z(14). Determine w(o).
-7
Let k(j) be the second derivative of 2*j**5 + j**4/6 - j**3/6 - 2*j + 61. What is k(1)?
41
Let x(m) = -m + 2. Let d be x(1). Let z = -8 - d. Let q(l) = l + 12. Give q(z).
3
Let y(c) = 2*c + 3. Suppose 4*d + 5*s - 12 = 0, 0 = -15*d + 18*d + 4*s - 10. Give y(d).
-1
Let n(y) = y + 3. Let i be -3*((-160)/12)/1. Suppose 0 = 21*v - 25*v + i. Let o be (-3 + 42/v)*5. What is n(o)?
9
Suppose 13 - 16 = 3*t. Let k(w) be the third derivative of -w**4/8 + w**3/6 - 3*w**2. Let c(g) = -4*g + 1. Let j(h) = 6*c(h) - 5*k(h). Calculate j(t).
10
Let q(w) = -3*w**3 + 2*w - 1. Let a be q(1). Let y = 30 + -25. Let x(g) = 15*g**2 - 14*g**2 + 8*g - y*g - g**3 + 2. Determine x(a).
8
Let z(r) = -r**2 + 12*r + 19. Let v be z(10). Let c = -40 + v. Let o(a) be the third derivative of -a**5/15 + a**4/24 - 2*a**2. Determine o(c).
-5
Let q(x) be the first derivative of x**3/3 - 3*x**2/2 - 3*x - 2. Let y(o) = 235*o + 944. Let u be y(-4). Give q(u).
1
Let n be 1 - (8 + 15/5). Let a(q) = -q**3 - 11*q**2 - 11*q - 12. Let c be a(n). Let g = 5 - c. Let t(l) = l. Give t(g).
7
Let t(l) = 20*l + 7. Let j(c) = 30*c + 11. Let a(k) = k**2 - 10*k - 5. Let s be a(10). Let w(q) = s*j(q) + 8*t(q). Determine w(1).
11
Suppose 4*z + 3*q = 5 + 15, 0 = z + 5*q - 22. Let j(g) = 2*g**2 + 0*g**z + g**2 + g**3 + 2 - 3*g. Suppose 136 = -29*f + 20. What is j(f)?
-2
Let r(j) = 4*j**3 - 16*j**2 + 15*j - 1. Let q(d) = d**3 + d**2 - d - 2. Let x(t) = 3*q(t) - r(t). Give x(18).
-5
Let n(z) = -22*z**2 - 10*z + 17. Let f(p) = -19*p**2 - 10*p + 15. Let q(g) = -7*f(g) + 6*n(g). What is q(-10)?
-3
Let y = -4 - -2. Let q be y + (-1)/(2/(-8)). Let f(u) = -11*u**2 + 0*u + 6 - 22*u**2 + 31*u**2 + u - 4. Give f(q).
-4
Let g(u) = 4*u. Let w = 9 - -14. Suppose 2 + w = -5*f. What is g(f)?
-20
Let s(q) = -q**3 - 6*q**2 + 6*q - 10. Suppose 5*k = -5*g - 130, k = -0*g + 3*g - 10. Let j = -29 - k. Calculate s(j).
-3
Suppose 0 = -4*p + 2*h - 14, 2*p - 13 = p - 5*h. Let w(j) = -j**3 - j**2 - 3*j - 1. Determine w(p).
9
Let y(a) = 35*a - 6. Let j(q) = -17*q + 3. Let p(f) = 13*j(f) + 6*y(f). Determine p(2).
-19
Suppose 0 = -2*u - 17 + 11. Let o be (-12)/8*(-4)/u. Let a(l) be the third derivative of -l**4/4 - l**3/6 + l**2. Calculate a(o).
11
Let n(f) = f**2 + 8*f + 5. Let s(l) = 2*l**2 + 9*l + 3. Let t be s(-5). Suppose -t*y = 56 - 0. What is n(y)?
-2
Let w(n) be the second derivative of n**5/20 - n**4 + 11*n**3/6 + 7*n**2/2 + 338*n. Determine w(11).
7
Let b(j) = -2*j**2 + 5 + 9*j**2 - 8*j**2 - 7*j. Let v be b(-7). Let z(d) = -d**3 + 4*d**2 + 5*d + 3. Give z(v).
3
Let f = 15 + -43. Let d(j) = j**3 + 28*j**2 - 2*j - 52. Let h be d(f). Let u(c) = 5*c + c**2 + 0*c + c**3 - 7*c**2 - 1. Determine u(h).
-13
Let o be ((-2)/(-4))/((-1)/(-4)). Let r(w) = 1 - 1 + o*w**2. Suppose 3*j = -2*z + 4 - 5, -2*j - z = 1. What is r(j)?
2
Let f(v) = 5*v + 2. Suppose 0 = -6*